of 268 and 335.
67
Calculate the greatest common factor of 2839 and 136.
17
Calculate the greatest common factor of 42 and 140.
14
Calculate the highest common factor of 231 and 105.
21
What is the highest common divisor of 26 and 3133?
13
What is the greatest common factor of 120 and 14424?
24
What is the highest common factor of 7697 and 43?
43
Calculate the highest common factor of 70 and 3822.
14
What is the greatest common factor of 289 and 255?
17
What is the highest common factor of 423 and 517?
47
Calculate the highest common factor of 46 and 782.
46
What is the highest common factor of 117 and 173277?
117
What is the greatest common factor of 1965 and 6?
3
Calculate the highest common factor of 378 and 54.
54
What is the greatest common divisor of 243 and 36?
9
What is the greatest common factor of 58 and 6?
2
Calculate the highest common factor of 31 and 217.
31
Calculate the highest common factor of 65 and 273.
13
What is the highest common divisor of 1370 and 20?
10
Calculate the greatest common factor of 651 and 42.
21
What is the highest common divisor of 25 and 3900?
25
Calculate the highest common divisor of 16 and 976.
16
What is the greatest common divisor of 2739 and 88?
11
Calculate the greatest common factor of 46 and 112.
2
Calculate the highest common divisor of 228 and 4636.
76
What is the greatest common divisor of 962 and 5698?
74
What is the highest common divisor of 66 and 429?
33
What is the highest common factor of 153 and 7443?
9
What is the greatest common divisor of 46 and 2806?
46
Calculate the greatest common divisor of 190 and 1120.
10
Calculate the greatest common divisor of 3569 and 913.
83
Calculate the greatest common divisor of 49 and 35.
7
What is the highest common divisor of 6 and 11?
1
What is the highest common factor of 8327 and 33?
11
Calculate the greatest common factor of 136 and 170.
34
What is the greatest common divisor of 2336 and 224?
32
Calculate the greatest common divisor of 530 and 30.
10
What is the highest common divisor of 23 and 3864?
23
Calculate the greatest common factor of 17 and 17.
17
Calculate the highest common factor of 324 and 1512.
108
Calculate the highest common divisor of 720 and 4410.
90
What is the greatest common divisor of 3640 and 1183?
91
What is the highest common factor of 25099 and 19?
19
What is the greatest common divisor of 1612 and 2?
2
What is the highest common factor of 270 and 234?
18
Calculate the greatest common divisor of 64 and 584.
8
Calculate the greatest common divisor of 102 and 782.
34
What is the highest common divisor of 427 and 3477?
61
Calculate the highest common factor of 5706 and 9.
9
Calculate the greatest common divisor of 2714 and 1062.
118
What is the greatest common divisor of 134 and 3350?
134
Calculate the greatest common factor of 56 and 4424.
56
Calculate the highest common factor of 73 and 584.
73
What is the greatest common divisor of 12 and 2796?
12
What is the highest common factor of 1228 and 2?
2
Calculate the highest common factor of 34 and 15793.
17
Calculate the highest common divisor of 675 and 108.
27
What is the highest common divisor of 2209 and 188?
47
What is the highest common factor of 24 and 1920?
24
Calculate the greatest common divisor of 106 and 31323.
53
Calculate the highest common factor of 8 and 86.
2
What is the greatest common divisor of 63 and 22995?
63
Calculate the greatest common divisor of 2976 and 864.
96
What is the greatest common divisor of 155 and 279?
31
Calculate the highest common factor of 301 and 35.
7
Calculate the highest common factor of 175 and 150.
25
What is the highest common factor of 749 and 7?
7
What is the greatest common divisor of 1220 and 80?
20
What is the highest common divisor of 231 and 2100?
21
Calculate the highest common divisor of 4270 and 61.
61
What is the greatest common factor of 81 and 2151?
9
Calculate the greatest common divisor of 25 and 145.
5
What is the greatest common divisor of 44 and 3366?
22
Calculate the highest common factor of 972 and 252.
36
What is the highest common factor of 33 and 63?
3
What is the greatest common factor of 108 and 1104?
12
What is the greatest common factor of 1728 and 324?
108
What is the greatest common divisor of 3278 and 22?
22
What is the greatest common divisor of 4 and 76?
4
What is the greatest common divisor of 57 and 38?
19
What is the greatest common divisor of 4833 and 27?
27
Calculate the highest common factor of 265 and 106.
53
What is the greatest common divisor of 228 and 396?
12
What is the highest common divisor of 5191 and 232?
29
What is the highest common factor of 43 and 28466?
43
What is the highest common factor of 56 and 1288?
56
What is the greatest common divisor of 434 and 112?
14
Calculate the greatest common factor of 42 and 322.
14
What is the highest common divisor of 14 and 91?
7
What is the highest common divisor of 508 and 10287?
127
Calculate the highest common divisor of 51 and 85.
17
What is the highest common divisor of 675 and 216?
27
What is the greatest common divisor of 4 and 1942?
2
What is the highest common divisor of 7 and 133?
7
Calculate the highest common factor of 160 and 18592.
32
What is the highest common divisor of 64 and 6848?
64
Calculate the highest common divisor of 123 and 11521.
41
What is the greatest common divisor of 34660 and 60?
20
What is the greatest common divisor of 476 and 612?
68
Calculate the highest common factor of 84 and 70.
14
What is the greatest common factor of 33188 and 4?
4
Calculate the highest common factor of 76397 and 241.
241
Calculate the greatest common divisor of 18228 and 392.
196
Calculate the greatest common factor of 13166 and 454.
454
Calculate the greatest common divisor of 2023 and 7.
7
What is the highest common divisor of 7 and 1043?
7
Calculate the greatest common factor of 85 and 935.
85
What is the greatest common factor of 8 and 44?
4
Calculate the highest common factor of 444 and 60.
12
Calculate the highest common divisor of 4061 and 62.
31
Calculate the highest common factor of 4 and 359.
1
What is the greatest common factor of 36411 and 159?
159
What is the highest common divisor of 762 and 21590?
254
What is the highest common divisor of 2048 and 32?
32
Calculate the highest common divisor of 137 and 2329.
137
Calculate the greatest common factor of 3248 and 116.
116
What is the highest common divisor of 102 and 14637?
51
What is the greatest common factor of 17 and 7939?
17
What is the highest common factor of 134 and 132392?
134
Calculate the greatest common factor of 130 and 26.
26
Calculate the highest common factor of 6708 and 78.
78
Calculate the greatest common divisor of 12 and 1662.
6
What is the greatest common divisor of 66 and 2112?
66
Calculate the highest common factor of 55 and 66.
11
Calculate the highest common factor of 2 and 18.
2
What is the highest common divisor of 16 and 24?
8
What is the greatest common divisor of 24 and 5832?
24
What is the highest common divisor of 2351 and 1?
1
Calculate the highest common divisor of 96 and 160.
32
Calculate the highest common divisor of 26 and 2808.
26
Calculate the highest common factor of 24 and 712.
8
What is the greatest common divisor of 1998 and 888?
222
What is the greatest common factor of 1341 and 27?
9
Calculate the greatest common divisor of 210 and 252.
42
What is the highest common divisor of 3500 and 84?
28
What is the highest common factor of 93 and 62?
31
Calculate the highest common divisor of 21 and 6.
3
Calculate the highest common divisor of 1332 and 36.
36
What is the greatest common factor of 450 and 54?
18
Calculate the greatest common divisor of 810 and 30.
30
What is the highest common divisor of 1350 and 1050?
150
Calculate the greatest common divisor of 12 and 162.
6
What is the greatest common divisor of 60 and 195?
15
What is the highest common factor of 7100 and 4?
4
Calculate the greatest common divisor of 7371 and 364.
91
Calculate the greatest common divisor of 5600 and 875.
175
Calculate the highest common factor of 68 and 544.
68
What is the highest common factor of 52 and 104?
52
What is the greatest common factor of 20 and 165?
5
What is the highest common divisor of 81 and 177?
3
Calculate the highest common diviso